{"id":26272,"date":"2019-12-06T08:21:20","date_gmt":"2019-12-06T07:21:20","guid":{"rendered":"https:\/\/www.stromberg-gymnasium.de\/?page_id=26272"},"modified":"2019-12-06T08:38:00","modified_gmt":"2019-12-06T07:38:00","slug":"allgemeines-zu-mint","status":"publish","type":"page","link":"https:\/\/www.stromberg-gymnasium.de\/?page_id=26272","title":{"rendered":"Allgemeines zu MINT"},"content":{"rendered":"\n<div class=\"wp-block-image\"><figure class=\"aligncenter size-large\"><img loading=\"lazy\" decoding=\"async\" width=\"362\" height=\"154\" src=\"https:\/\/www.stromberg-gymnasium.de\/wordpress\/wp-content\/uploads\/2018\/07\/MINT-Logo-Startseite_V2.jpg\" alt=\"\" class=\"wp-image-23721\" srcset=\"https:\/\/www.stromberg-gymnasium.de\/wordpress\/wp-content\/uploads\/2018\/07\/MINT-Logo-Startseite_V2.jpg 362w, https:\/\/www.stromberg-gymnasium.de\/wordpress\/wp-content\/uploads\/2018\/07\/MINT-Logo-Startseite_V2-300x128.jpg 300w, https:\/\/www.stromberg-gymnasium.de\/wordpress\/wp-content\/uploads\/2018\/07\/MINT-Logo-Startseite_V2-360x153.jpg 360w\" sizes=\"auto, (max-width: 362px) 100vw, 362px\" \/><\/figure><\/div>\n\n\n\n<p>2017 sind\nwir als MINT-freundliche Schule ausgezeichnet worden und erf\u00fcllen somit die\nKriterien f\u00fcr eine herausragende MINT-Bildung und MINT-Angebote. Wir haben\nviele unterrichtliche und au\u00dferunterrichtliche Angebote im MINT-Bereich.\nZusammen mit Eltern, Sch\u00fclerinnen und Sch\u00fclern, Lehrern und Lehrerinnen und\nexternen Experten machen wir die MINT-Bildung und MINT-Begeisterung im\nSchulleben sichtbar und erfahrbar.<\/p>\n\n\n\n<p>Wir am\nStromberg-Gymnasium m\u00f6chten den Aufbau von Selbstwirksamkeit der Sch\u00fclerinnen\nund Sch\u00fcler im MINT-Bereich durch Wissen und Interesse unterst\u00fctzen; sie\nermutigen Probleme anzugehen und erfolgreich zu beenden, durch gelingende\nProbleml\u00f6sungsstrategien Erfolgserlebnisse zu haben, mit anderen Sch\u00fclerinnen\nund Sch\u00fclern gemeinsam L\u00f6sungen zu entwickeln und voneinander zu lernen.<\/p>\n\n\n\n<p>Wir m\u00f6chten\nden Sch\u00fclerinnen und Sch\u00fclern helfen, Resilienz zu erlernen; wir \u00fcben Frustrationstoleranz\nein; denn bei allen technischen Projekten und jedem Programmmieren wird es\nimmer wieder unerwartete Widerst\u00e4nde und R\u00fcckschl\u00e4ge geben, die es mithilfe von\nAusdauer, Geduld, Fachwissen und Hilfestellungen zu meistern gilt.<\/p>\n\n\n\n<p>Wir m\u00f6chten die\nSch\u00fclerinnen und Sch\u00fclern durch solides Fachwissen und Begeisterung an\nMINT-Themen motivieren, die Zukunft zu gestalten. Denn nur wer wirklich\nverstanden hat, kann auch begr\u00fcndet und verantwortlich handeln.<\/p>\n\n\n\n<p>Wir m\u00f6chten\nunseren Sch\u00fclerinnen und Sch\u00fclern gesellschaftliche Teilhabe in einer sich\nimmer weiter digitalisierenden Gesellschaft erm\u00f6glichen, aber auch dazu\nanregen, die digitale Nutzung kritisch zu hinterfragen.<\/p>\n\n\n\n<p>Mit einer\nguten MINT-Bildung und \u00fcberfachlichen Kompetenzen in einer MINT-freundlichen\nSchule sind wir auf einem guten und zukunftsorientiertem Weg hin zu einer noch\nbesseren MINT-Bildung, die wir durch die stete Weiterentwicklung neuer Ideen\nerreichen wollen.<\/p>\n\n\n\n<p style=\"font-size:23px\" class=\"has-text-align-center\">Verantwortlich f\u00fcr den MINT-Bereich ist an unserer Schule Frau C. Brauer. (email: brauer@stromberg-gymnasium.de)<\/p>\n","protected":false},"excerpt":{"rendered":"<p>2017 sind wir als MINT-freundliche Schule ausgezeichnet worden und erf\u00fcllen somit die Kriterien f\u00fcr eine herausragende MINT-Bildung und MINT-Angebote. Wir haben viele unterrichtliche und au\u00dferunterrichtliche Angebote im MINT-Bereich. Zusammen mit Eltern, Sch\u00fclerinnen und Sch\u00fclern, Lehrern und Lehrerinnen und externen Experten <a href=\"https:\/\/www.stromberg-gymnasium.de\/?page_id=26272\" class=\"read-more\">Weiterlesen<\/a><\/p>\n","protected":false},"author":1,"featured_media":0,"parent":0,"menu_order":0,"comment_status":"closed","ping_status":"closed","template":"","meta":{"footnotes":""},"class_list":["post-26272","page","type-page","status-publish","hentry"],"_links":{"self":[{"href":"https:\/\/www.stromberg-gymnasium.de\/index.php?rest_route=\/wp\/v2\/pages\/26272","targetHints":{"allow":["GET"]}}],"collection":[{"href":"https:\/\/www.stromberg-gymnasium.de\/index.php?rest_route=\/wp\/v2\/pages"}],"about":[{"href":"https:\/\/www.stromberg-gymnasium.de\/index.php?rest_route=\/wp\/v2\/types\/page"}],"author":[{"embeddable":true,"href":"https:\/\/www.stromberg-gymnasium.de\/index.php?rest_route=\/wp\/v2\/users\/1"}],"replies":[{"embeddable":true,"href":"https:\/\/www.stromberg-gymnasium.de\/index.php?rest_route=%2Fwp%2Fv2%2Fcomments&post=26272"}],"version-history":[{"count":2,"href":"https:\/\/www.stromberg-gymnasium.de\/index.php?rest_route=\/wp\/v2\/pages\/26272\/revisions"}],"predecessor-version":[{"id":26286,"href":"https:\/\/www.stromberg-gymnasium.de\/index.php?rest_route=\/wp\/v2\/pages\/26272\/revisions\/26286"}],"wp:attachment":[{"href":"https:\/\/www.stromberg-gymnasium.de\/index.php?rest_route=%2Fwp%2Fv2%2Fmedia&parent=26272"}],"curies":[{"name":"wp","href":"https:\/\/api.w.org\/{rel}","templated":true}]}}