{"id":27446,"date":"2021-01-08T08:01:00","date_gmt":"2021-01-08T07:01:00","guid":{"rendered":"https:\/\/www.stromberg-gymnasium.de\/?page_id=27446"},"modified":"2023-01-06T09:17:18","modified_gmt":"2023-01-06T08:17:18","slug":"allgemeines-zum-interkulturellen-lernen","status":"publish","type":"page","link":"https:\/\/www.stromberg-gymnasium.de\/?page_id=27446","title":{"rendered":"Allgemeines zum interkulturellen Lernen"},"content":{"rendered":"\n<p>\u201eInterkulturelles Lernen ist in unserer Schulgemeinschaft fest verankert; dadurch f\u00f6rdern wir das Bewusstsein und die Akzeptanz kultureller Vielfalt.\u201c<\/p>\n\n\n\n<p>Diese Formulierung aus <strong><a href=\"https:\/\/www.stromberg-gymnasium.de\/?page_id=144\">unserem Leitbild<\/a><\/strong> macht den hohen Stellenwert interkulturellen Lernens f\u00fcr uns als Schule deutlich. Wir f\u00f6rdern das Interesse f\u00fcr andere Kulturen, indem wir durch authentische Lernsituationen, virtuelle und pers\u00f6nliche Begegnungen Perspektivwechsel erm\u00f6glichen. So m\u00f6chten wir mit dazu beitragen, dass Sch\u00fclerinnen und Sch\u00fcler sich nicht nur ein fremdsprachliches Wissen aneignen, sondern kultureigene Unterschiede wahrnehmen, eine offene, emphatische Haltung gegen\u00fcber anderen Kulturen gegen\u00fcber einnehmen und darauf gespannt sind, \u00fcber ihren eigenen Horizont zu blicken. Dadurch entwickeln sie auch ihre Pers\u00f6nlichkeit weiter und st\u00e4rken ihre Selbstwahrnehmung.<\/p>\n\n\n\n<p>Zudem soll so an unserer Schule auch die kulturelle Vielfalt unserer Gesellschaft abgebildet werden. Ein besonderes Anliegen ist es uns hierbei, Kindern und Jugendlichen mit Migrationshintergrund \u00fcber das Sprachliche hinaus bei ihrem Lernen zu unterst\u00fctzen. Ebenso m\u00f6chten wir andererseits auch Gelegenheiten schaffen, in denen sie ihre Erfahrungen einbringen k\u00f6nnen, sodass alle voneinander lernen k\u00f6nnen.<\/p>\n\n\n\n<p>Konkrete interkulturelle Projekte oder Sch\u00fclerbegegnungen am Stromberg-Gymnasium finden Sie unter der Rubrik Austauschprogramme \/ Projekte.<\/p>\n\n\n\n<p>Informationen zu den einzelnen F\u00e4chern finden Sie unter der jeweiligen Rubrik in dieser Sektion.<\/p>\n","protected":false},"excerpt":{"rendered":"<p>\u201eInterkulturelles Lernen ist in unserer Schulgemeinschaft fest verankert; dadurch f\u00f6rdern wir das Bewusstsein und die Akzeptanz kultureller Vielfalt.\u201c Diese Formulierung aus unserem Leitbild macht den hohen Stellenwert interkulturellen Lernens f\u00fcr uns als Schule deutlich. Wir f\u00f6rdern das Interesse f\u00fcr andere <a href=\"https:\/\/www.stromberg-gymnasium.de\/?page_id=27446\" class=\"read-more\">Weiterlesen<\/a><\/p>\n","protected":false},"author":1,"featured_media":0,"parent":0,"menu_order":0,"comment_status":"closed","ping_status":"closed","template":"","meta":{"footnotes":""},"class_list":["post-27446","page","type-page","status-publish","hentry"],"_links":{"self":[{"href":"https:\/\/www.stromberg-gymnasium.de\/index.php?rest_route=\/wp\/v2\/pages\/27446","targetHints":{"allow":["GET"]}}],"collection":[{"href":"https:\/\/www.stromberg-gymnasium.de\/index.php?rest_route=\/wp\/v2\/pages"}],"about":[{"href":"https:\/\/www.stromberg-gymnasium.de\/index.php?rest_route=\/wp\/v2\/types\/page"}],"author":[{"embeddable":true,"href":"https:\/\/www.stromberg-gymnasium.de\/index.php?rest_route=\/wp\/v2\/users\/1"}],"replies":[{"embeddable":true,"href":"https:\/\/www.stromberg-gymnasium.de\/index.php?rest_route=%2Fwp%2Fv2%2Fcomments&post=27446"}],"version-history":[{"count":1,"href":"https:\/\/www.stromberg-gymnasium.de\/index.php?rest_route=\/wp\/v2\/pages\/27446\/revisions"}],"predecessor-version":[{"id":27447,"href":"https:\/\/www.stromberg-gymnasium.de\/index.php?rest_route=\/wp\/v2\/pages\/27446\/revisions\/27447"}],"wp:attachment":[{"href":"https:\/\/www.stromberg-gymnasium.de\/index.php?rest_route=%2Fwp%2Fv2%2Fmedia&parent=27446"}],"curies":[{"name":"wp","href":"https:\/\/api.w.org\/{rel}","templated":true}]}}