{"id":27468,"date":"2021-01-08T08:16:22","date_gmt":"2021-01-08T07:16:22","guid":{"rendered":"https:\/\/www.stromberg-gymnasium.de\/?page_id=27468"},"modified":"2025-08-07T19:24:00","modified_gmt":"2025-08-07T17:24:00","slug":"austauschprogramme-franzoesisch","status":"publish","type":"page","link":"https:\/\/www.stromberg-gymnasium.de\/?page_id=27468","title":{"rendered":"Austauschprogramme Franz\u00f6sisch"},"content":{"rendered":"<div class=\"wp-block-image\">\n<figure class=\"alignleft size-large\"><img loading=\"lazy\" decoding=\"async\" width=\"282\" height=\"159\" src=\"https:\/\/www.stromberg-gymnasium.de\/wordpress\/wp-content\/uploads\/2021\/01\/F-Foto-1-Friedensreise.jpg\" alt=\"\" class=\"wp-image-27488\"\/><\/figure>\n<\/div>\n\n\n<p>Unsere regelm\u00e4\u00dfig stattfindenden Sch\u00fcleraustauschprogramme bieten interessierten Sch\u00fclerInnen die Gelegenheit, in das Alltagsleben des Ziellandes einzutauchen, Begegnungen mit Gleichaltrigen zu kn\u00fcpfen und interkulturelle Unterschiede kennenzulernen. Aufgrund der aktuellen Lage sind im Schuljahr 2020\/2021 bisher jedoch keine Sch\u00fclerbegegnungen geplant.<\/p>\n\n\n\n<p><strong>Frankreich: <\/strong>Friedensreise im Elsass &nbsp;&nbsp;&nbsp;&nbsp;&nbsp;&nbsp;&nbsp;&nbsp;&nbsp;&nbsp;&nbsp;&nbsp;&nbsp;&nbsp;&nbsp;&nbsp;&nbsp;&nbsp;&nbsp;&nbsp;&nbsp;&nbsp;&nbsp;&nbsp;&nbsp;&nbsp;&nbsp;&nbsp;&nbsp;&nbsp;&nbsp;&nbsp;&nbsp;&nbsp;&nbsp;&nbsp; <strong><em>Klassenstufe 9<\/em><\/strong><\/p>\n\n\n\n<p>Fach\u00fcbergreifendes Projekt-Angebot f\u00fcr historisch und sprachlich interessierte Sch\u00fcler: Dreit\u00e4gige Reise ins Elsass, bei der historische Denkm\u00e4ler des ersten und zweiten Weltkriegs besucht werden sowie die m\u00fcndliche Ausdrucksf\u00e4higkeit der Jugendlichen im Franz\u00f6sischen gest\u00e4rkt wird. Dazu wird eine Projektarbeit erstellt, z.B. eine Fotodokumentation. Dieses Projekt wird unterst\u00fctzt durch den Volksbund Deutsche Kriegsgr\u00e4berf\u00fcrsorge und bildet somit einen aktiven Beitrag zur Friedensarbeit.<\/p>\n\n\n\n<p><strong>Individualaustausch<\/strong><\/p>\n\n\n\n<p>Wir beraten und begleiten regelm\u00e4\u00dfig bei individuellen Austauschinteressen in Frankreich, England und Spanien. Auch f\u00fcr l\u00e4ngere Auslandsaufenthalte in der Oberstufe sind wir jederzeit offen und unterst\u00fctzen gerne individuelle F\u00f6rderm\u00f6glichkeiten.<\/p>\n","protected":false},"excerpt":{"rendered":"<p>Unsere regelm\u00e4\u00dfig stattfindenden Sch\u00fcleraustauschprogramme bieten interessierten Sch\u00fclerInnen die Gelegenheit, in das Alltagsleben des Ziellandes einzutauchen, Begegnungen mit Gleichaltrigen zu kn\u00fcpfen und interkulturelle Unterschiede kennenzulernen. Aufgrund der aktuellen Lage sind im Schuljahr 2020\/2021 bisher jedoch keine Sch\u00fclerbegegnungen geplant. Frankreich: Friedensreise im <a href=\"https:\/\/www.stromberg-gymnasium.de\/?page_id=27468\" class=\"read-more\">Weiterlesen<\/a><\/p>\n","protected":false},"author":1,"featured_media":0,"parent":0,"menu_order":0,"comment_status":"closed","ping_status":"closed","template":"","meta":{"footnotes":""},"class_list":["post-27468","page","type-page","status-publish","hentry"],"_links":{"self":[{"href":"https:\/\/www.stromberg-gymnasium.de\/index.php?rest_route=\/wp\/v2\/pages\/27468","targetHints":{"allow":["GET"]}}],"collection":[{"href":"https:\/\/www.stromberg-gymnasium.de\/index.php?rest_route=\/wp\/v2\/pages"}],"about":[{"href":"https:\/\/www.stromberg-gymnasium.de\/index.php?rest_route=\/wp\/v2\/types\/page"}],"author":[{"embeddable":true,"href":"https:\/\/www.stromberg-gymnasium.de\/index.php?rest_route=\/wp\/v2\/users\/1"}],"replies":[{"embeddable":true,"href":"https:\/\/www.stromberg-gymnasium.de\/index.php?rest_route=%2Fwp%2Fv2%2Fcomments&post=27468"}],"version-history":[{"count":4,"href":"https:\/\/www.stromberg-gymnasium.de\/index.php?rest_route=\/wp\/v2\/pages\/27468\/revisions"}],"predecessor-version":[{"id":32817,"href":"https:\/\/www.stromberg-gymnasium.de\/index.php?rest_route=\/wp\/v2\/pages\/27468\/revisions\/32817"}],"wp:attachment":[{"href":"https:\/\/www.stromberg-gymnasium.de\/index.php?rest_route=%2Fwp%2Fv2%2Fmedia&parent=27468"}],"curies":[{"name":"wp","href":"https:\/\/api.w.org\/{rel}","templated":true}]}}