{"id":27470,"date":"2021-01-08T08:16:53","date_gmt":"2021-01-08T07:16:53","guid":{"rendered":"https:\/\/www.stromberg-gymnasium.de\/?page_id=27470"},"modified":"2021-01-08T09:40:55","modified_gmt":"2021-01-08T08:40:55","slug":"projekte-franzoesisch","status":"publish","type":"page","link":"https:\/\/www.stromberg-gymnasium.de\/?page_id=27470","title":{"rendered":"Projekte Franz\u00f6sisch"},"content":{"rendered":"\n<p><strong>Die Fantastikinder \u2013 ein interkulturelles Musikprojekt<\/strong><\/p>\n\n\n\n<div class=\"wp-block-image\"><figure class=\"alignright size-medium\"><img loading=\"lazy\" decoding=\"async\" width=\"300\" height=\"200\" src=\"https:\/\/www.stromberg-gymnasium.de\/wordpress\/wp-content\/uploads\/2021\/01\/F-Foto-2-Fant-300x200.jpg\" alt=\"\" class=\"wp-image-27506\" srcset=\"https:\/\/www.stromberg-gymnasium.de\/wordpress\/wp-content\/uploads\/2021\/01\/F-Foto-2-Fant-300x200.jpg 300w, https:\/\/www.stromberg-gymnasium.de\/wordpress\/wp-content\/uploads\/2021\/01\/F-Foto-2-Fant-768x512.jpg 768w, https:\/\/www.stromberg-gymnasium.de\/wordpress\/wp-content\/uploads\/2021\/01\/F-Foto-2-Fant-1536x1024.jpg 1536w, https:\/\/www.stromberg-gymnasium.de\/wordpress\/wp-content\/uploads\/2021\/01\/F-Foto-2-Fant-2048x1365.jpg 2048w, https:\/\/www.stromberg-gymnasium.de\/wordpress\/wp-content\/uploads\/2021\/01\/F-Foto-2-Fant-360x240.jpg 360w\" sizes=\"auto, (max-width: 300px) 100vw, 300px\" \/><\/figure><\/div>\n\n\n\n<p>Seit dem Schuljahr 2016\/2017 ist das Stromberg-Gymnasium aktiv am musikalisch-interkulturellen Projekt der <em>Enfantastiques-Fantastikinder<\/em> beteiligt. Im Rahmen dieses mehrsprachigen Musikprojekts, das auch fester Bestandteil der Grenz\u00fcberschreitenden schulischen Kooperation \u201eEuropa am Oberrhein\u201c ist, haben bereits mehrere deutsch-franz\u00f6sische Sch\u00fclerbegegnungen, gemeinsame Konzertauftritte sowie Ton &#8211; und Videoaufnahmen neuer Lieder der <em>Enfantastiques-Fantastikinder<\/em> stattgefunden.<\/p>\n\n\n\n<p><strong>Exkursion der achten Klassen nach Stra\u00dfburg<\/strong><\/p>\n\n\n\n<p>Gegen Schuljahrsende im Sommer fahren wir mit dem Jahrgang 8 f\u00fcr einen Tag nach Stra\u00dfburg, um dort z.B. bei einer Stadtrallye, F\u00fchrungen, einer Bootsfahrt oder Flammkuchenessen in direkten Kontakt zur Kultur des Nachbarlandes zu treten.<\/p>\n\n\n\n<div class=\"wp-block-image\"><figure class=\"alignleft size-medium\"><img loading=\"lazy\" decoding=\"async\" width=\"300\" height=\"169\" src=\"https:\/\/www.stromberg-gymnasium.de\/wordpress\/wp-content\/uploads\/2021\/01\/F-Foto-3-Cinefete-300x169.jpg\" alt=\"\" class=\"wp-image-27508\" srcset=\"https:\/\/www.stromberg-gymnasium.de\/wordpress\/wp-content\/uploads\/2021\/01\/F-Foto-3-Cinefete-300x169.jpg 300w, https:\/\/www.stromberg-gymnasium.de\/wordpress\/wp-content\/uploads\/2021\/01\/F-Foto-3-Cinefete-768x432.jpg 768w, https:\/\/www.stromberg-gymnasium.de\/wordpress\/wp-content\/uploads\/2021\/01\/F-Foto-3-Cinefete-1536x865.jpg 1536w, https:\/\/www.stromberg-gymnasium.de\/wordpress\/wp-content\/uploads\/2021\/01\/F-Foto-3-Cinefete-2048x1153.jpg 2048w, https:\/\/www.stromberg-gymnasium.de\/wordpress\/wp-content\/uploads\/2021\/01\/F-Foto-3-Cinefete-360x203.jpg 360w\" sizes=\"auto, (max-width: 300px) 100vw, 300px\" \/><\/figure><\/div>\n\n\n\n<p><strong>Cin\u00e9f\u00eate f\u00fcr die zehnten Klassen<\/strong><\/p>\n\n\n\n<p>Im Rahmen des allj\u00e4hrlichen franz\u00f6sischen Sch\u00fcler-Filmfestivals \u201eCin\u00e9f\u00eate\u201c besuchen wir mit allen 10. Klassen eine Kinovorstellung eines ausgew\u00e4hlten franz\u00f6sischen Films, der im Unterricht inhaltlich vor- und nachbereitet wird.<\/p>\n\n\n\n<p><strong>Deutsch-franz\u00f6sischer Freundschaftstag<\/strong><\/p>\n\n\n\n<p>Rund um den deutsch-franz\u00f6sischen Tag am 22. Januar finden jedes Jahr gr\u00f6\u00dfere und kleinere Aktionen statt, um auf die <em>Journ\u00e9e franco-allemande<\/em> hinzuweisen und die deutsch-franz\u00f6sische Verbundenheit erlebbar zu machen.<\/p>\n","protected":false},"excerpt":{"rendered":"<p>Die Fantastikinder \u2013 ein interkulturelles Musikprojekt Seit dem Schuljahr 2016\/2017 ist das Stromberg-Gymnasium aktiv am musikalisch-interkulturellen Projekt der Enfantastiques-Fantastikinder beteiligt. Im Rahmen dieses mehrsprachigen Musikprojekts, das auch fester Bestandteil der Grenz\u00fcberschreitenden schulischen Kooperation \u201eEuropa am Oberrhein\u201c ist, haben bereits mehrere <a href=\"https:\/\/www.stromberg-gymnasium.de\/?page_id=27470\" class=\"read-more\">Weiterlesen<\/a><\/p>\n","protected":false},"author":1,"featured_media":0,"parent":0,"menu_order":0,"comment_status":"closed","ping_status":"closed","template":"","meta":{"footnotes":""},"class_list":["post-27470","page","type-page","status-publish","hentry"],"_links":{"self":[{"href":"https:\/\/www.stromberg-gymnasium.de\/index.php?rest_route=\/wp\/v2\/pages\/27470","targetHints":{"allow":["GET"]}}],"collection":[{"href":"https:\/\/www.stromberg-gymnasium.de\/index.php?rest_route=\/wp\/v2\/pages"}],"about":[{"href":"https:\/\/www.stromberg-gymnasium.de\/index.php?rest_route=\/wp\/v2\/types\/page"}],"author":[{"embeddable":true,"href":"https:\/\/www.stromberg-gymnasium.de\/index.php?rest_route=\/wp\/v2\/users\/1"}],"replies":[{"embeddable":true,"href":"https:\/\/www.stromberg-gymnasium.de\/index.php?rest_route=%2Fwp%2Fv2%2Fcomments&post=27470"}],"version-history":[{"count":2,"href":"https:\/\/www.stromberg-gymnasium.de\/index.php?rest_route=\/wp\/v2\/pages\/27470\/revisions"}],"predecessor-version":[{"id":27509,"href":"https:\/\/www.stromberg-gymnasium.de\/index.php?rest_route=\/wp\/v2\/pages\/27470\/revisions\/27509"}],"wp:attachment":[{"href":"https:\/\/www.stromberg-gymnasium.de\/index.php?rest_route=%2Fwp%2Fv2%2Fmedia&parent=27470"}],"curies":[{"name":"wp","href":"https:\/\/api.w.org\/{rel}","templated":true}]}}