{"id":27493,"date":"2021-01-08T08:24:42","date_gmt":"2021-01-08T07:24:42","guid":{"rendered":"https:\/\/www.stromberg-gymnasium.de\/?page_id=27493"},"modified":"2024-11-20T16:42:56","modified_gmt":"2024-11-20T15:42:56","slug":"austauschprogramme-spanisch","status":"publish","type":"page","link":"https:\/\/www.stromberg-gymnasium.de\/?page_id=27493","title":{"rendered":"Austauschprogramme Spanisch"},"content":{"rendered":"\n<p>Unsere regelm\u00e4\u00dfig stattfindenden Sch\u00fcleraustauschprogramme bieten interessierten Sch\u00fclerInnen die Gelegenheit, in das Alltagsleben des Ziellandes einzutauchen, Begegnungen mit Gleichaltrigen zu kn\u00fcpfen und interkulturelle Unterschiede kennenzulernen.<\/p>\n\n\n\n<p>Ab dem Schuljahr 2023\/24:<\/p>\n\n\n\n<p><strong>Spanien: <\/strong>Motril \u00a0\u00a0\u00a0\u00a0\u00a0\u00a0\u00a0\u00a0\u00a0\u00a0\u00a0\u00a0\u00a0\u00a0\u00a0\u00a0\u00a0\u00a0\u00a0\u00a0\u00a0\u00a0\u00a0\u00a0\u00a0\u00a0\u00a0\u00a0\u00a0\u00a0\u00a0\u00a0\u00a0\u00a0\u00a0\u00a0\u00a0\u00a0\u00a0\u00a0\u00a0\u00a0\u00a0\u00a0\u00a0\u00a0\u00a0\u00a0\u00a0\u00a0\u00a0\u00a0\u00a0\u00a0\u00a0\u00a0\u00a0\u00a0\u00a0\u00a0\u00a0\u00a0\u00a0 <strong><em>Klassenstufen 9 (und 10)<\/em><\/strong><\/p>\n\n\n\n<p><strong>Individualaustausch<\/strong> (u.A. mit Chile)<\/p>\n\n\n\n<p>Wir beraten und begleiten regelm\u00e4\u00dfig bei individuellen Austauschinteressen. Auch f\u00fcr l\u00e4ngere Auslandsaufenthalte in der Oberstufe sind wir jederzeit offen und unterst\u00fctzen gerne individuelle F\u00f6rderm\u00f6glichkeiten.<\/p>\n","protected":false},"excerpt":{"rendered":"<p>Unsere regelm\u00e4\u00dfig stattfindenden Sch\u00fcleraustauschprogramme bieten interessierten Sch\u00fclerInnen die Gelegenheit, in das Alltagsleben des Ziellandes einzutauchen, Begegnungen mit Gleichaltrigen zu kn\u00fcpfen und interkulturelle Unterschiede kennenzulernen. Ab dem Schuljahr 2023\/24: Spanien: Motril \u00a0\u00a0\u00a0\u00a0\u00a0\u00a0\u00a0\u00a0\u00a0\u00a0\u00a0\u00a0\u00a0\u00a0\u00a0\u00a0\u00a0\u00a0\u00a0\u00a0\u00a0\u00a0\u00a0\u00a0\u00a0\u00a0\u00a0\u00a0\u00a0\u00a0\u00a0\u00a0\u00a0\u00a0\u00a0\u00a0\u00a0\u00a0\u00a0\u00a0\u00a0\u00a0\u00a0\u00a0\u00a0\u00a0\u00a0\u00a0\u00a0\u00a0\u00a0\u00a0\u00a0\u00a0\u00a0\u00a0\u00a0\u00a0\u00a0\u00a0\u00a0\u00a0\u00a0 Klassenstufen 9 (und 10) Individualaustausch (u.A. mit Chile) Wir <a href=\"https:\/\/www.stromberg-gymnasium.de\/?page_id=27493\" class=\"read-more\">Weiterlesen<\/a><\/p>\n","protected":false},"author":1,"featured_media":0,"parent":0,"menu_order":0,"comment_status":"closed","ping_status":"closed","template":"","meta":{"footnotes":""},"class_list":["post-27493","page","type-page","status-publish","hentry"],"_links":{"self":[{"href":"https:\/\/www.stromberg-gymnasium.de\/index.php?rest_route=\/wp\/v2\/pages\/27493","targetHints":{"allow":["GET"]}}],"collection":[{"href":"https:\/\/www.stromberg-gymnasium.de\/index.php?rest_route=\/wp\/v2\/pages"}],"about":[{"href":"https:\/\/www.stromberg-gymnasium.de\/index.php?rest_route=\/wp\/v2\/types\/page"}],"author":[{"embeddable":true,"href":"https:\/\/www.stromberg-gymnasium.de\/index.php?rest_route=\/wp\/v2\/users\/1"}],"replies":[{"embeddable":true,"href":"https:\/\/www.stromberg-gymnasium.de\/index.php?rest_route=%2Fwp%2Fv2%2Fcomments&post=27493"}],"version-history":[{"count":3,"href":"https:\/\/www.stromberg-gymnasium.de\/index.php?rest_route=\/wp\/v2\/pages\/27493\/revisions"}],"predecessor-version":[{"id":31890,"href":"https:\/\/www.stromberg-gymnasium.de\/index.php?rest_route=\/wp\/v2\/pages\/27493\/revisions\/31890"}],"wp:attachment":[{"href":"https:\/\/www.stromberg-gymnasium.de\/index.php?rest_route=%2Fwp%2Fv2%2Fmedia&parent=27493"}],"curies":[{"name":"wp","href":"https:\/\/api.w.org\/{rel}","templated":true}]}}