{"id":28464,"date":"2021-10-24T09:43:10","date_gmt":"2021-10-24T07:43:10","guid":{"rendered":"https:\/\/www.stromberg-gymnasium.de\/?page_id=28464"},"modified":"2021-10-24T09:43:10","modified_gmt":"2021-10-24T07:43:10","slug":"das-a-team-ansprechteam","status":"publish","type":"page","link":"https:\/\/www.stromberg-gymnasium.de\/?page_id=28464","title":{"rendered":"Das A-Team (Ansprechteam)"},"content":{"rendered":"\n<div class=\"wp-block-image\"><figure class=\"alignleft size-medium\"><img loading=\"lazy\" decoding=\"async\" width=\"300\" height=\"136\" src=\"https:\/\/www.stromberg-gymnasium.de\/wordpress\/wp-content\/uploads\/2021\/10\/Ohren_Ansprechteam-300x136.png\" alt=\"\" class=\"wp-image-28465\" srcset=\"https:\/\/www.stromberg-gymnasium.de\/wordpress\/wp-content\/uploads\/2021\/10\/Ohren_Ansprechteam-300x136.png 300w, https:\/\/www.stromberg-gymnasium.de\/wordpress\/wp-content\/uploads\/2021\/10\/Ohren_Ansprechteam-360x163.png 360w, https:\/\/www.stromberg-gymnasium.de\/wordpress\/wp-content\/uploads\/2021\/10\/Ohren_Ansprechteam.png 607w\" sizes=\"auto, (max-width: 300px) 100vw, 300px\" \/><\/figure><\/div>\n\n\n\n<p><strong><em>Brauchst du jemanden, der dir ein Ohr schenkt?<\/em><\/strong><\/p>\n\n\n\n<p><strong>Das k\u00f6nnte eine L\u00f6sung f\u00fcr dich sein:<\/strong><\/p>\n\n\n\n<p><strong>Das A-Team (Ansprechteam) der Schule!<\/strong><\/p>\n\n\n\n<br \/>\n\n\n\n<div class=\"wp-block-image\"><figure class=\"alignright size-thumbnail\"><img loading=\"lazy\" decoding=\"async\" width=\"150\" height=\"150\" src=\"https:\/\/www.stromberg-gymnasium.de\/wordpress\/wp-content\/uploads\/2021\/10\/Ansprechteam_Bild2-150x150.png\" alt=\"\" class=\"wp-image-28466\"\/><\/figure><\/div>\n\n\n\n<ol class=\"wp-block-list\"><li><strong>Wer wir sind und was wir tun<\/strong><br>Wir stellen eine Anlaufstelle f\u00fcr alle Sch\u00fcler*innen dar, die besonderen Gespr\u00e4chsbedarf, ein Problem oder ein bestimmtes Anliegen haben. Wir h\u00f6ren dir also gern zu, wenn du reden m\u00f6chtest, und versuchen gemeinsam eine Antwort auf deine Fragen zu finden.<br><br><strong>Zum Team geh\u00f6ren:<\/strong><br>&#8211; Lehrkr\u00e4fte des Kollegiums<br>&#8211; Der Beratungslehrer<br>&#8211; Vertreter der Schulsozialarbeit<br><br>Wir schenken jedem Menschen Geh\u00f6r, der uns braucht.<br><\/li><li><strong>Das Team<\/strong><br>Wen m\u00f6chtest du gerne ansprechen?<\/li><\/ol>\n\n\n\n<div class=\"wp-block-image\"><figure class=\"aligncenter size-full\"><img loading=\"lazy\" decoding=\"async\" width=\"591\" height=\"383\" src=\"https:\/\/www.stromberg-gymnasium.de\/wordpress\/wp-content\/uploads\/2021\/10\/grafik-1.png\" alt=\"\" class=\"wp-image-28475\" srcset=\"https:\/\/www.stromberg-gymnasium.de\/wordpress\/wp-content\/uploads\/2021\/10\/grafik-1.png 591w, https:\/\/www.stromberg-gymnasium.de\/wordpress\/wp-content\/uploads\/2021\/10\/grafik-1-300x194.png 300w, https:\/\/www.stromberg-gymnasium.de\/wordpress\/wp-content\/uploads\/2021\/10\/grafik-1-360x233.png 360w\" sizes=\"auto, (max-width: 591px) 100vw, 591px\" \/><\/figure><\/div>\n\n\n\n<p>3. <strong>Wichtiger Hinweis zur Vertraulichkeit<\/strong><\/p>\n\n\n\n<div class=\"wp-block-image\"><figure class=\"alignleft size-full\"><img loading=\"lazy\" decoding=\"async\" width=\"159\" height=\"124\" src=\"https:\/\/www.stromberg-gymnasium.de\/wordpress\/wp-content\/uploads\/2021\/10\/Ansprechteam_Bild4.png.jpg\" alt=\"\" class=\"wp-image-28468\"\/><\/figure><\/div>\n\n\n\n<p>Wenn du Kontakt zum A-Team suchst, darfst du dir den Ansprechpartner oder die Ansprechpartnerin deines Vertrauens frei aussuchen und wir Coaches werden dein Anliegen vertraulich behandeln.<\/p>\n\n\n\n<p>Da wir <em>Lehrkr\u00e4fte<\/em> als Team arbeiten, w\u00fcrden wir gerne die besonderen St\u00e4rken unserer Teammitglieder nutzen k\u00f6nnen und uns bei Bedarf mit anderen Coaches innerhalb des Teams austauschen und Ratschl\u00e4ge einholen. Falls dir dieser Punkt besonders heikel erscheint, sprich dich mit deinem Coach dar\u00fcber ab!<\/p>\n\n\n\n<p>Der <em>Beratungslehrer<\/em> unterliegt der <strong>Schweigepflicht<\/strong>. Nur in Ausnahmef\u00e4llen und durch deine ausdr\u00fcckliche Erlaubnis kann er von dieser Pflicht entbunden werden.<\/p>\n\n\n\n<p>Die Vertreter der <em>Schulsozialarbeit<\/em> unterliegen ebenfalls grunds\u00e4tzlich der <strong>Schweigepflicht<\/strong>.<\/p>\n\n\n\n<div class=\"wp-block-image\"><figure class=\"alignright size-thumbnail\"><img loading=\"lazy\" decoding=\"async\" width=\"150\" height=\"150\" src=\"https:\/\/www.stromberg-gymnasium.de\/wordpress\/wp-content\/uploads\/2021\/10\/Ansprechteam_BIld5-150x150.png\" alt=\"\" class=\"wp-image-28471\"\/><\/figure><\/div>\n\n\n\n<p>4. <strong>Anmeldung und Duchrf\u00fchrung des Gespr\u00e4chs<\/strong><\/p>\n\n\n\n<p>Achte auf den <a href=\"https:\/\/www.stromberg-gymnasium.de\/wordpress\/wp-content\/uploads\/2021\/10\/Sprechstunden.pdf\"><strong>Sprechstundenplan des A-Teams<\/strong><\/a> und melde dich bei deinem Coach zur Sprechstunde an!<\/p>\n\n\n\n<p>Die Anmeldung kann \u00fcber direkte Ansprache oder per E-Mail erfolgen.<\/p>\n\n\n\n<p>5. <strong>Durchf\u00fchrung des Gespr\u00e4chs<\/strong><\/p>\n\n\n\n<div class=\"wp-block-image\"><figure class=\"alignleft size-thumbnail\"><img loading=\"lazy\" decoding=\"async\" width=\"150\" height=\"150\" src=\"https:\/\/www.stromberg-gymnasium.de\/wordpress\/wp-content\/uploads\/2021\/10\/Ansprechteam_Bild6-150x150.png\" alt=\"\" class=\"wp-image-28473\"\/><\/figure><\/div>\n\n\n\n<p>Die Besprechung wird in einem gesch\u00fctzten Rahmen stattfinden, denn die Diskretion eines Gespr\u00e4chs muss unbedingt gewahrt bleiben. Dabei spielt es keine Rolle, ob die Besprechung in der Schule, bei einem Spaziergang im Freien oder virtuell (z.B. auf BBB) stattfindet. In allen F\u00e4llen ist es jedoch wichtig, dass ein Blickkontakt zwischen den Beteiligten hergestellt werden kann. Wir freuen uns auf euch!<\/p>\n","protected":false},"excerpt":{"rendered":"<p>Brauchst du jemanden, der dir ein Ohr schenkt? Das k\u00f6nnte eine L\u00f6sung f\u00fcr dich sein: Das A-Team (Ansprechteam) der Schule! Wer wir sind und was wir tunWir stellen eine Anlaufstelle f\u00fcr alle Sch\u00fcler*innen dar, die besonderen Gespr\u00e4chsbedarf, ein Problem oder <a href=\"https:\/\/www.stromberg-gymnasium.de\/?page_id=28464\" class=\"read-more\">Weiterlesen<\/a><\/p>\n","protected":false},"author":1,"featured_media":0,"parent":0,"menu_order":0,"comment_status":"closed","ping_status":"closed","template":"","meta":{"footnotes":""},"class_list":["post-28464","page","type-page","status-publish","hentry"],"_links":{"self":[{"href":"https:\/\/www.stromberg-gymnasium.de\/index.php?rest_route=\/wp\/v2\/pages\/28464","targetHints":{"allow":["GET"]}}],"collection":[{"href":"https:\/\/www.stromberg-gymnasium.de\/index.php?rest_route=\/wp\/v2\/pages"}],"about":[{"href":"https:\/\/www.stromberg-gymnasium.de\/index.php?rest_route=\/wp\/v2\/types\/page"}],"author":[{"embeddable":true,"href":"https:\/\/www.stromberg-gymnasium.de\/index.php?rest_route=\/wp\/v2\/users\/1"}],"replies":[{"embeddable":true,"href":"https:\/\/www.stromberg-gymnasium.de\/index.php?rest_route=%2Fwp%2Fv2%2Fcomments&post=28464"}],"version-history":[{"count":3,"href":"https:\/\/www.stromberg-gymnasium.de\/index.php?rest_route=\/wp\/v2\/pages\/28464\/revisions"}],"predecessor-version":[{"id":28477,"href":"https:\/\/www.stromberg-gymnasium.de\/index.php?rest_route=\/wp\/v2\/pages\/28464\/revisions\/28477"}],"wp:attachment":[{"href":"https:\/\/www.stromberg-gymnasium.de\/index.php?rest_route=%2Fwp%2Fv2%2Fmedia&parent=28464"}],"curies":[{"name":"wp","href":"https:\/\/api.w.org\/{rel}","templated":true}]}}