{"id":31891,"date":"2024-11-20T16:50:02","date_gmt":"2024-11-20T15:50:02","guid":{"rendered":"https:\/\/www.stromberg-gymnasium.de\/?page_id=31891"},"modified":"2025-10-10T15:05:57","modified_gmt":"2025-10-10T13:05:57","slug":"erasmus","status":"publish","type":"page","link":"https:\/\/www.stromberg-gymnasium.de\/?page_id=31891","title":{"rendered":"Erasmus+"},"content":{"rendered":"\n<p><strong>Ansprechpartnerin: Frau Walter, erasmus@stromberg-gymnasium.de<\/strong><\/p>\n\n\n\n<h3 class=\"wp-block-heading\">Erasmus+ 2021-27<\/h3>\n\n\n<div class=\"wp-block-image\">\n<figure class=\"alignleft size-medium\"><img loading=\"lazy\" decoding=\"async\" width=\"296\" height=\"300\" src=\"https:\/\/www.stromberg-gymnasium.de\/wordpress\/wp-content\/uploads\/2024\/11\/DE_V_Kofinanziert_von_der_Europaeischen_Union_Web_blau-296x300.jpg\" alt=\"\" class=\"wp-image-31892\" srcset=\"https:\/\/www.stromberg-gymnasium.de\/wordpress\/wp-content\/uploads\/2024\/11\/DE_V_Kofinanziert_von_der_Europaeischen_Union_Web_blau-296x300.jpg 296w, https:\/\/www.stromberg-gymnasium.de\/wordpress\/wp-content\/uploads\/2024\/11\/DE_V_Kofinanziert_von_der_Europaeischen_Union_Web_blau-768x778.jpg 768w, https:\/\/www.stromberg-gymnasium.de\/wordpress\/wp-content\/uploads\/2024\/11\/DE_V_Kofinanziert_von_der_Europaeischen_Union_Web_blau-266x270.jpg 266w, https:\/\/www.stromberg-gymnasium.de\/wordpress\/wp-content\/uploads\/2024\/11\/DE_V_Kofinanziert_von_der_Europaeischen_Union_Web_blau.jpg 910w\" sizes=\"auto, (max-width: 296px) 100vw, 296px\" \/><\/figure>\n<\/div>\n\n\n<p>Seit 2024 sind wir akkreditierte&nbsp;<em>Erasmus+ Schule.&nbsp;<\/em>Erasmus+ ist ein Programm der Europ\u00e4ischen Union. Die aktuelle Projektlaufzeit begann 2021 und endet 2027. Es f\u00f6rdert die internationale Zusammenarbeit in Bildung, Jugend und Sport. Im Mittelpunkt stehen Themen wie Toleranz, Demokratie, Digitalisierung, Nachhaltigkeit, europ\u00e4isches Netzwerken und unser gemeinsames europ\u00e4isches Erbe.<\/p>\n\n\n\n<p>Erasmus+ unterst\u00fctzt den Austausch und die Zusammenarbeit in verschiedenen schulischen Bereichen auf europ\u00e4ischer Ebene \u2013 organisatorisch und finanziell. Es erm\u00f6glicht uns<\/p>\n\n\n\n<ul class=\"wp-block-list\">\n<li>Gruppenaustausche von Sch\u00fcler:innen (z.B. Spanienfahrt)<\/li>\n\n\n\n<li>Kurz- und Langzeitaustausche von Sch\u00fcler:innen<\/li>\n\n\n\n<li>l\u00e4nder\u00fcbergreifende schulbezogene Projekte (z.B. Fantastikinder)<\/li>\n\n\n\n<li>Fortbildungen f\u00fcr Kolleg:innen sowie Job-Shadowing<\/li>\n\n\n\n<li>schulbezogene Veranstaltungen durch Referent:innen aus dem europ\u00e4ischen Ausland<\/li>\n<\/ul>\n\n\n\n<p>Wir haben damit hervorragende M\u00f6glichkeiten, Vielfalt zu erleben und gemeinsam mit unseren europ\u00e4ischen Nachbarn zu lernen und Projekte umzusetzen. Unsere Sch\u00fcler:innen k\u00f6nnen ihre sprachlichen und interkulturellen F\u00e4higkeiten so in Kooperation mit anderen einsetzen und selbst- bzw. mitverantwortliches Handeln entdecken. Dar\u00fcber hinaus lassen sich dank Erasmus+ auch unsere in den vergangenen Jahren erworbenen Kompetenzen im Bereich der Digitalisierung aktiv anwenden und entwickeln.<\/p>\n\n\n\n<p>Wir freuen uns auf viele M\u00f6glichkeiten zum Perspektivwechsel, auf interessante Begegnungen und lehrreiche Projekte!<\/p>\n\n\n\n<h3 class=\"wp-block-heading\"><strong>Individueller Sch\u00fcleraustausch<\/strong><\/h3>\n\n\n\n<p>Wenn du Interesse an einem Auslandsaufenthalt im europ\u00e4ischen Raum hast, dann lies weiter. Bei einer Erasmus+ Einzelmobilit\u00e4t kann man an einer Partnerschule lernen oder ein Praktikum bei einer Organisation im Ausland absolvieren. Ein individueller Sch\u00fcleraustausch kann kurzfristig (10 bis 29 Tage) oder langfristig (30 bis 365 Tage) sein, diese Taganzahl bezieht sich aber immer auf Schultage (d.h. ohne Reisetage und Wochenende).<\/p>\n\n\n\n<p>Um am Programm teilnehmen zu k\u00f6nnen, bitten wir dich, die Informationen in den folgenden Dokumenten sorgf\u00e4ltig durchzulesen und sie mit deinen Erziehungsberechtigten zu besprechen<em>.<\/em><\/p>\n\n\n\n<ul class=\"wp-block-list\">\n<li><a href=\"https:\/\/www.stromberg-gymnasium.de\/wordpress\/wp-content\/uploads\/2025\/10\/Informationen_Individualmobilitaeten_SG.pdf\">Informationen zur Teilnahme am Erasmus+ Programm<\/a><\/li>\n\n\n\n<li><a href=\"https:\/\/www.stromberg-gymnasium.de\/wordpress\/wp-content\/uploads\/2025\/06\/Bewerbungsformular-Erasmus_SG_NEU.pdf\">Bewerbungsformular zur Teilnahme am Erasmus+ Programm<\/a><\/li>\n<\/ul>\n\n\n\n<p>Dann freuen wir uns auf deine Bewerbung. Bei Fragen kannst du dich an Frau Walter (<a href=\"mailto:erasmus@stromberg-gymnasium.de\">erasmus@stromberg-gymnasium.de<\/a>) wenden<em>.<\/em><\/p>\n\n\n\n<h3 class=\"wp-block-heading\"><strong>Bislang stattgefundene Erasmus+ Mobilit\u00e4ten<\/strong><\/h3>\n\n\n\n<p><strong>Lehrermobilit\u00e4ten<\/strong><\/p>\n\n\n\n<ul class=\"wp-block-list\">\n<li>Kurs &#8222;Innovative teaching methodologies in action&#8220; am Learnlife Center in Barcelona<\/li>\n\n\n\n<li><a href=\"https:\/\/www.stromberg-gymnasium.de\/?p=32397\">Frau Eichinger in Finnland<\/a> (M\u00e4rz 2025)<\/li>\n\n\n\n<li>Schulleiterin Frau Kranich zum Job-Shadowing in D\u00e4nemark (April 2025)<\/li>\n<\/ul>\n\n\n\n<p><strong>Sch\u00fclergruppenaustausch<\/strong><\/p>\n\n\n\n<ul class=\"wp-block-list\">\n<li><a href=\"https:\/\/www.stromberg-gymnasium.de\/?p=31505\">Fantastikinder in Stra\u00dfburg<\/a> (Juni 2024)<\/li>\n\n\n\n<li><a href=\"https:\/\/www.stromberg-gymnasium.de\/?p=32331\">Spanienaustausch<\/a> (Februar und Mai 2025)<\/li>\n\n\n\n<li><a href=\"https:\/\/www.stromberg-gymnasium.de\/?p=32494\">Fantastikinder in Frankreich<\/a> (2025)<\/li>\n<\/ul>\n\n\n\n<p><strong>Individueller Sch\u00fcleraustausch:<\/strong><\/p>\n\n\n\n<figure class=\"wp-block-image size-medium\"><img loading=\"lazy\" decoding=\"async\" width=\"225\" height=\"300\" src=\"https:\/\/www.stromberg-gymnasium.de\/wordpress\/wp-content\/uploads\/2025\/06\/erasmusplus_jovin-225x300.jpg\" alt=\"\" class=\"wp-image-32603\" srcset=\"https:\/\/www.stromberg-gymnasium.de\/wordpress\/wp-content\/uploads\/2025\/06\/erasmusplus_jovin-225x300.jpg 225w, https:\/\/www.stromberg-gymnasium.de\/wordpress\/wp-content\/uploads\/2025\/06\/erasmusplus_jovin-203x270.jpg 203w, https:\/\/www.stromberg-gymnasium.de\/wordpress\/wp-content\/uploads\/2025\/06\/erasmusplus_jovin.jpg 750w\" sizes=\"auto, (max-width: 225px) 100vw, 225px\" \/><figcaption class=\"wp-element-caption\">Die erste Gastsch\u00fclerin \u00fcber Erasmus+ aus der N\u00e4he von Nantes, Frankreich, zu Gast am Stromberg-Gymnasium (Juni\/Juli 2025)<\/figcaption><\/figure>\n\n\n\n<p><strong>Unsere G\u00e4ste<\/strong><\/p>\n\n\n\n<p><em>Auch G\u00e4ste k\u00f6nnen mit EU-F\u00f6rdermitteln ans Stromberg-Gymnasium eingeladen werden, um uns zu helfen, uns als Lernende weiterzuentwickeln.<\/em><\/p>\n\n\n\n<ul class=\"wp-block-list\">\n<li><a href=\"https:\/\/www.stromberg-gymnasium.de\/?p=32305\">Besuch von M. N\u00f4<\/a> <\/li>\n<\/ul>\n\n\n<div class=\"wp-block-image\">\n<figure class=\"aligncenter size-full\"><img loading=\"lazy\" decoding=\"async\" width=\"2708\" height=\"928\" src=\"https:\/\/www.stromberg-gymnasium.de\/wordpress\/wp-content\/uploads\/2024\/11\/Erasmus_with_baseline-left_pos_RGB_EN.png\" alt=\"\" class=\"wp-image-31893\" srcset=\"https:\/\/www.stromberg-gymnasium.de\/wordpress\/wp-content\/uploads\/2024\/11\/Erasmus_with_baseline-left_pos_RGB_EN.png 2708w, https:\/\/www.stromberg-gymnasium.de\/wordpress\/wp-content\/uploads\/2024\/11\/Erasmus_with_baseline-left_pos_RGB_EN-300x103.png 300w, https:\/\/www.stromberg-gymnasium.de\/wordpress\/wp-content\/uploads\/2024\/11\/Erasmus_with_baseline-left_pos_RGB_EN-768x263.png 768w, https:\/\/www.stromberg-gymnasium.de\/wordpress\/wp-content\/uploads\/2024\/11\/Erasmus_with_baseline-left_pos_RGB_EN-1536x526.png 1536w, https:\/\/www.stromberg-gymnasium.de\/wordpress\/wp-content\/uploads\/2024\/11\/Erasmus_with_baseline-left_pos_RGB_EN-2048x702.png 2048w, https:\/\/www.stromberg-gymnasium.de\/wordpress\/wp-content\/uploads\/2024\/11\/Erasmus_with_baseline-left_pos_RGB_EN-360x123.png 360w\" sizes=\"auto, (max-width: 2708px) 100vw, 2708px\" \/><\/figure>\n<\/div>","protected":false},"excerpt":{"rendered":"<p>Ansprechpartnerin: Frau Walter, erasmus@stromberg-gymnasium.de Erasmus+ 2021-27 Seit 2024 sind wir akkreditierte&nbsp;Erasmus+ Schule.&nbsp;Erasmus+ ist ein Programm der Europ\u00e4ischen Union. Die aktuelle Projektlaufzeit begann 2021 und endet 2027. Es f\u00f6rdert die internationale Zusammenarbeit in Bildung, Jugend und Sport. Im Mittelpunkt stehen Themen <a href=\"https:\/\/www.stromberg-gymnasium.de\/?page_id=31891\" class=\"read-more\">Weiterlesen<\/a><\/p>\n","protected":false},"author":1,"featured_media":0,"parent":0,"menu_order":0,"comment_status":"closed","ping_status":"closed","template":"","meta":{"footnotes":""},"class_list":["post-31891","page","type-page","status-publish","hentry"],"_links":{"self":[{"href":"https:\/\/www.stromberg-gymnasium.de\/index.php?rest_route=\/wp\/v2\/pages\/31891","targetHints":{"allow":["GET"]}}],"collection":[{"href":"https:\/\/www.stromberg-gymnasium.de\/index.php?rest_route=\/wp\/v2\/pages"}],"about":[{"href":"https:\/\/www.stromberg-gymnasium.de\/index.php?rest_route=\/wp\/v2\/types\/page"}],"author":[{"embeddable":true,"href":"https:\/\/www.stromberg-gymnasium.de\/index.php?rest_route=\/wp\/v2\/users\/1"}],"replies":[{"embeddable":true,"href":"https:\/\/www.stromberg-gymnasium.de\/index.php?rest_route=%2Fwp%2Fv2%2Fcomments&post=31891"}],"version-history":[{"count":8,"href":"https:\/\/www.stromberg-gymnasium.de\/index.php?rest_route=\/wp\/v2\/pages\/31891\/revisions"}],"predecessor-version":[{"id":32928,"href":"https:\/\/www.stromberg-gymnasium.de\/index.php?rest_route=\/wp\/v2\/pages\/31891\/revisions\/32928"}],"wp:attachment":[{"href":"https:\/\/www.stromberg-gymnasium.de\/index.php?rest_route=%2Fwp%2Fv2%2Fmedia&parent=31891"}],"curies":[{"name":"wp","href":"https:\/\/api.w.org\/{rel}","templated":true}]}}

<p><strong>Ansprechpartnerin: Frau Walter, erasmus@stromberg-gymnasium.de</strong></p>



<h3 class="wp-block-heading">Erasmus+ 2021-27</h3>


<div class="wp-block-image">
<figure class="alignleft size-medium"><img loading="lazy" decoding="async" width="296" height="300" src="https://www.stromberg-gymnasium.de/wordpress/wp-content/uploads/2024/11/DE_V_Kofinanziert_von_der_Europaeischen_Union_Web_blau-296x300.jpg" alt="" class="wp-image-31892" srcset="https://www.stromberg-gymnasium.de/wordpress/wp-content/uploads/2024/11/DE_V_Kofinanziert_von_der_Europaeischen_Union_Web_blau-296x300.jpg 296w, https://www.stromberg-gymnasium.de/wordpress/wp-content/uploads/2024/11/DE_V_Kofinanziert_von_der_Europaeischen_Union_Web_blau-768x778.jpg 768w, https://www.stromberg-gymnasium.de/wordpress/wp-content/uploads/2024/11/DE_V_Kofinanziert_von_der_Europaeischen_Union_Web_blau-266x270.jpg 266w, https://www.stromberg-gymnasium.de/wordpress/wp-content/uploads/2024/11/DE_V_Kofinanziert_von_der_Europaeischen_Union_Web_blau.jpg 910w" sizes="auto, (max-width: 296px) 100vw, 296px" /></figure>
</div>


<p>Seit 2024 sind wir akkreditierte&nbsp;<em>Erasmus+ Schule.&nbsp;</em>Erasmus+ ist ein Programm der Europäischen Union. Die aktuelle Projektlaufzeit begann 2021 und endet 2027. Es fördert die internationale Zusammenarbeit in Bildung, Jugend und Sport. Im Mittelpunkt stehen Themen wie Toleranz, Demokratie, Digitalisierung, Nachhaltigkeit, europäisches Netzwerken und unser gemeinsames europäisches Erbe.</p>



<p>Erasmus+ unterstützt den Austausch und die Zusammenarbeit in verschiedenen schulischen Bereichen auf europäischer Ebene – organisatorisch und finanziell. Es ermöglicht uns</p>



<ul class="wp-block-list">
<li>Gruppenaustausche von Schüler:innen (z.B. Spanienfahrt)</li>



<li>Kurz- und Langzeitaustausche von Schüler:innen</li>



<li>länderübergreifende schulbezogene Projekte (z.B. Fantastikinder)</li>



<li>Fortbildungen für Kolleg:innen sowie Job-Shadowing</li>



<li>schulbezogene Veranstaltungen durch Referent:innen aus dem europäischen Ausland</li>
</ul>



<p>Wir haben damit hervorragende Möglichkeiten, Vielfalt zu erleben und gemeinsam mit unseren europäischen Nachbarn zu lernen und Projekte umzusetzen. Unsere Schüler:innen können ihre sprachlichen und interkulturellen Fähigkeiten so in Kooperation mit anderen einsetzen und selbst- bzw. mitverantwortliches Handeln entdecken. Darüber hinaus lassen sich dank Erasmus+ auch unsere in den vergangenen Jahren erworbenen Kompetenzen im Bereich der Digitalisierung aktiv anwenden und entwickeln.</p>



<p>Wir freuen uns auf viele Möglichkeiten zum Perspektivwechsel, auf interessante Begegnungen und lehrreiche Projekte!</p>



<h3 class="wp-block-heading"><strong>Individueller Schüleraustausch</strong></h3>



<p>Wenn du Interesse an einem Auslandsaufenthalt im europäischen Raum hast, dann lies weiter. Bei einer Erasmus+ Einzelmobilität kann man an einer Partnerschule lernen oder ein Praktikum bei einer Organisation im Ausland absolvieren. Ein individueller Schüleraustausch kann kurzfristig (10 bis 29 Tage) oder langfristig (30 bis 365 Tage) sein, diese Taganzahl bezieht sich aber immer auf Schultage (d.h. ohne Reisetage und Wochenende).</p>



<p>Um am Programm teilnehmen zu können, bitten wir dich, die Informationen in den folgenden Dokumenten sorgfältig durchzulesen und sie mit deinen Erziehungsberechtigten zu besprechen<em>.</em></p>



<ul class="wp-block-list">
<li><a href="https://www.stromberg-gymnasium.de/wordpress/wp-content/uploads/2025/10/Informationen_Individualmobilitaeten_SG.pdf">Informationen zur Teilnahme am Erasmus+ Programm</a></li>



<li><a href="https://www.stromberg-gymnasium.de/wordpress/wp-content/uploads/2025/06/Bewerbungsformular-Erasmus_SG_NEU.pdf">Bewerbungsformular zur Teilnahme am Erasmus+ Programm</a></li>
</ul>



<p>Dann freuen wir uns auf deine Bewerbung. Bei Fragen kannst du dich an Frau Walter (<a href="mailto:erasmus@stromberg-gymnasium.de">erasmus@stromberg-gymnasium.de</a>) wenden<em>.</em></p>



<h3 class="wp-block-heading"><strong>Bislang stattgefundene Erasmus+ Mobilitäten</strong></h3>



<p><strong>Lehrermobilitäten</strong></p>



<ul class="wp-block-list">
<li>Kurs &#8222;Innovative teaching methodologies in action&#8220; am Learnlife Center in Barcelona</li>



<li><a href="https://www.stromberg-gymnasium.de/?p=32397">Frau Eichinger in Finnland</a> (März 2025)</li>



<li>Schulleiterin Frau Kranich zum Job-Shadowing in Dänemark (April 2025)</li>
</ul>



<p><strong>Schülergruppenaustausch</strong></p>



<ul class="wp-block-list">
<li><a href="https://www.stromberg-gymnasium.de/?p=31505">Fantastikinder in Straßburg</a> (Juni 2024)</li>



<li><a href="https://www.stromberg-gymnasium.de/?p=32331">Spanienaustausch</a> (Februar und Mai 2025)</li>



<li><a href="https://www.stromberg-gymnasium.de/?p=32494">Fantastikinder in Frankreich</a> (2025)</li>
</ul>



<p><strong>Individueller Schüleraustausch:</strong></p>



<figure class="wp-block-image size-medium"><img loading="lazy" decoding="async" width="225" height="300" src="https://www.stromberg-gymnasium.de/wordpress/wp-content/uploads/2025/06/erasmusplus_jovin-225x300.jpg" alt="" class="wp-image-32603" srcset="https://www.stromberg-gymnasium.de/wordpress/wp-content/uploads/2025/06/erasmusplus_jovin-225x300.jpg 225w, https://www.stromberg-gymnasium.de/wordpress/wp-content/uploads/2025/06/erasmusplus_jovin-203x270.jpg 203w, https://www.stromberg-gymnasium.de/wordpress/wp-content/uploads/2025/06/erasmusplus_jovin.jpg 750w" sizes="auto, (max-width: 225px) 100vw, 225px" /><figcaption class="wp-element-caption">Die erste Gastschülerin über Erasmus+ aus der Nähe von Nantes, Frankreich, zu Gast am Stromberg-Gymnasium (Juni/Juli 2025)</figcaption></figure>



<p><strong>Unsere Gäste</strong></p>



<p><em>Auch Gäste können mit EU-Fördermitteln ans Stromberg-Gymnasium eingeladen werden, um uns zu helfen, uns als Lernende weiterzuentwickeln.</em></p>



<ul class="wp-block-list">
<li><a href="https://www.stromberg-gymnasium.de/?p=32305">Besuch von M. Nô</a> </li>
</ul>


<div class="wp-block-image">
<figure class="aligncenter size-full"><img loading="lazy" decoding="async" width="2708" height="928" src="https://www.stromberg-gymnasium.de/wordpress/wp-content/uploads/2024/11/Erasmus_with_baseline-left_pos_RGB_EN.png" alt="" class="wp-image-31893" srcset="https://www.stromberg-gymnasium.de/wordpress/wp-content/uploads/2024/11/Erasmus_with_baseline-left_pos_RGB_EN.png 2708w, https://www.stromberg-gymnasium.de/wordpress/wp-content/uploads/2024/11/Erasmus_with_baseline-left_pos_RGB_EN-300x103.png 300w, https://www.stromberg-gymnasium.de/wordpress/wp-content/uploads/2024/11/Erasmus_with_baseline-left_pos_RGB_EN-768x263.png 768w, https://www.stromberg-gymnasium.de/wordpress/wp-content/uploads/2024/11/Erasmus_with_baseline-left_pos_RGB_EN-1536x526.png 1536w, https://www.stromberg-gymnasium.de/wordpress/wp-content/uploads/2024/11/Erasmus_with_baseline-left_pos_RGB_EN-2048x702.png 2048w, https://www.stromberg-gymnasium.de/wordpress/wp-content/uploads/2024/11/Erasmus_with_baseline-left_pos_RGB_EN-360x123.png 360w" sizes="auto, (max-width: 2708px) 100vw, 2708px" /></figure>
</div>

<p>Ansprechpartnerin: Frau Walter, erasmus@stromberg-gymnasium.de Erasmus+ 2021-27 Seit 2024 sind wir akkreditierte&nbsp;Erasmus+ Schule.&nbsp;Erasmus+ ist ein Programm der Europäischen Union. Die aktuelle Projektlaufzeit begann 2021 und endet 2027. Es fördert die internationale Zusammenarbeit in Bildung, Jugend und Sport. Im Mittelpunkt stehen Themen <a href="https://www.stromberg-gymnasium.de/?page_id=31891" class="read-more">Weiterlesen</a></p>
