{"id":359,"date":"2013-03-25T16:22:38","date_gmt":"2013-03-25T15:22:38","guid":{"rendered":"http:\/\/www.stromberg-gymnasium.de\/wp\/?page_id=359"},"modified":"2020-04-04T09:39:26","modified_gmt":"2020-04-04T07:39:26","slug":"beratungsangebote","status":"publish","type":"page","link":"https:\/\/www.stromberg-gymnasium.de\/?page_id=359","title":{"rendered":"Externe Beratungsangebote"},"content":{"rendered":"<div class=\"sg\">\n<div id=\"text\">\n<h1>Links zu externen Beratungsangeboten<\/h1>\n<ul>\n<li style=\"list-style-type: none;\">\n<ul>\n<li><a href=\"http:\/\/www.save-me-online.de\"><strong>Save me online<\/strong><\/a><br \/>\nOnline-Beratung f\u00fcr Jugendliche<\/li>\n<li><a href=\"https:\/\/www.youth-life-line.de\/\"><strong>Youth-Life-Line &#8211; Im Leben bleiben!<\/strong><\/a><br \/>\nF\u00fcr Jugendliche mit Suizidgedanken. Onlineberatung von (angeleiteten und geschulten) Jugendlichen f\u00fcr Jugendliche<\/li>\n<li><strong><a href=\"https:\/\/www.nummergegenkummer.de\/\" target=\"_blank\" rel=\"noopener noreferrer\">Das Kinder- und Jugendtelefon \/ Elterntelefon (Nummer gegen Kummer)<\/a><\/strong><\/li>\n<li><a href=\"http:\/\/www.jugendnotmail.de\"><strong>JugendNotmail &#8211; Online Jugendberatung<\/strong><\/a><br \/>\nJugendNotmail bietet neben der Einzelberatung w\u00f6chentlich einen moderierten Themenchat: jeweils um 19 Uhr<\/li>\n<li><strong><strong><a href=\"https:\/\/www.landkreis-ludwigsburg.de\/de\/soziales-jugend-familie\/kinder-jugendliche\/psychologische-beratungsstelle\/\" target=\"_blank\" rel=\"noopener noreferrer\">Psychologische Beratungsstelle f\u00fcr Kinder, Jugendliche und junge Erwachsene (Landkreis Ludwigsburg)<\/a><\/strong><\/strong><br \/>\n<strong>Telefonische Anmeldung: 07041\/1442530<\/strong><\/li>\n<li><a href=\"http:\/\/www.hilfetelefon-missbrauch.de\"><strong>Hilfetelefon sexueller Missbrauch<\/strong><\/a><br \/>\n<strong>Tel: 0800 22 55 530<\/strong><\/li>\n<li><a href=\"https:\/\/www.kirche-und-religionsunterricht.de\/\"><strong>Schulseelsorge-Chat der evangelischen Landeskirche<\/strong><\/a><br \/>\nMontag bis Freitag 9-17 Uhr<\/li>\n<li><strong>Beratungsstelle f\u00fcr Ehe, Familie und Lebensfragen<br \/>\n(Di\u00f6zese Rottenburg-Stuttgart)<br \/>\n<\/strong><strong>Tel: 07141-2520760<\/strong><\/li>\n<li><strong><a href=\"http:\/\/www.diakonie-vaihingen.de\/eheberatung.htm\" target=\"_blank\" rel=\"noopener noreferrer\">Beratungsstelle f\u00fcr Familien: Diakonisches Werk<\/a><br \/>\nTel: 07042-93040<\/strong><\/li>\n<li><strong><a href=\"http:\/\/www.profamilia-ludwigsburg.de\/\" target=\"_blank\" rel=\"noopener noreferrer\">Beratungsstelle f\u00fcr Familien (Familienplanung, Sexualberatung): Pro Familia<\/a><br \/>\nTel: 07141-923444<\/strong><\/li>\n<li><strong><a href=\"http:\/\/www.dksb.de\/\" target=\"_blank\" rel=\"noopener noreferrer\">Deutscher Kinderschutzbund<\/a><\/strong><\/li>\n<li><strong><a href=\"https:\/\/www.arbeitsagentur.de\/vor-ort\/ludwigsburg\/startseite\" target=\"_blank\" rel=\"noopener noreferrer\">Bundesagentur f\u00fcr Arbeit Ludwigsburg<\/a><\/strong><\/li>\n<li><strong><a href=\"https:\/\/www.studieren-in-bw.de\/\" target=\"_blank\" rel=\"noopener noreferrer\">Studieren in Baden-W\u00fcrttemberg<\/a><\/strong><\/li>\n<li><strong><a href=\"http:\/\/www.bs-bawue.de\/zsb.html\" target=\"_blank\" rel=\"noopener noreferrer\">Zentrale Studienberatungsstellen in Baden-W\u00fcrttemberg<\/a><\/strong><\/li>\n<li><strong><a href=\"http:\/\/international.jugendnetz.de\" target=\"_blank\" rel=\"noopener noreferrer\">Jugendnetz international<\/a><br \/>\n<\/strong>Beratung bei allen Fragen rund um Auslandsaufenthalte<\/li>\n<li><strong>Suchtprobleme:<br \/>\nPsychosoziale Beratungsstelle des Caritas-Verbandes; Tel:<br \/>\n07141-97110<br \/>\nPsychosoziale Beratungsstelle Bietigheim; Tel: 07142-97430<br \/>\nPsychosoz. Ber. Release e.V. Stuttgart; Tel: 0711-26843230<\/strong><\/li>\n<\/ul>\n<\/li>\n<\/ul>\n<\/div>\n<\/div>\n","protected":false},"excerpt":{"rendered":"<p>Links zu externen Beratungsangeboten Save me online Online-Beratung f\u00fcr Jugendliche Youth-Life-Line &#8211; Im Leben bleiben! F\u00fcr Jugendliche mit Suizidgedanken. Onlineberatung von (angeleiteten und geschulten) Jugendlichen f\u00fcr Jugendliche Das Kinder- und Jugendtelefon \/ Elterntelefon (Nummer gegen Kummer) JugendNotmail &#8211; Online Jugendberatung <a href=\"https:\/\/www.stromberg-gymnasium.de\/?page_id=359\" class=\"read-more\">Weiterlesen<\/a><\/p>\n","protected":false},"author":1,"featured_media":0,"parent":0,"menu_order":0,"comment_status":"closed","ping_status":"closed","template":"","meta":{"footnotes":""},"class_list":["post-359","page","type-page","status-publish","hentry"],"_links":{"self":[{"href":"https:\/\/www.stromberg-gymnasium.de\/index.php?rest_route=\/wp\/v2\/pages\/359","targetHints":{"allow":["GET"]}}],"collection":[{"href":"https:\/\/www.stromberg-gymnasium.de\/index.php?rest_route=\/wp\/v2\/pages"}],"about":[{"href":"https:\/\/www.stromberg-gymnasium.de\/index.php?rest_route=\/wp\/v2\/types\/page"}],"author":[{"embeddable":true,"href":"https:\/\/www.stromberg-gymnasium.de\/index.php?rest_route=\/wp\/v2\/users\/1"}],"replies":[{"embeddable":true,"href":"https:\/\/www.stromberg-gymnasium.de\/index.php?rest_route=%2Fwp%2Fv2%2Fcomments&post=359"}],"version-history":[{"count":1,"href":"https:\/\/www.stromberg-gymnasium.de\/index.php?rest_route=\/wp\/v2\/pages\/359\/revisions"}],"predecessor-version":[{"id":26949,"href":"https:\/\/www.stromberg-gymnasium.de\/index.php?rest_route=\/wp\/v2\/pages\/359\/revisions\/26949"}],"wp:attachment":[{"href":"https:\/\/www.stromberg-gymnasium.de\/index.php?rest_route=%2Fwp%2Fv2%2Fmedia&parent=359"}],"curies":[{"name":"wp","href":"https:\/\/api.w.org\/{rel}","templated":true}]}}